Last updated on 2023-01-28 04:57:09 CET.
Flavor | Version | Tinstall | Tcheck | Ttotal | Status | Flags |
---|---|---|---|---|---|---|
r-devel-linux-x86_64-debian-clang | 4.1-1 | 30.33 | 382.92 | 413.25 | NOTE | |
r-devel-linux-x86_64-debian-gcc | 4.1-1 | 24.36 | 279.36 | 303.72 | NOTE | |
r-devel-linux-x86_64-fedora-clang | 4.1-1 | 511.96 | NOTE | |||
r-devel-linux-x86_64-fedora-gcc | 4.1-1 | 511.88 | NOTE | |||
r-patched-linux-x86_64 | 4.1-1 | 28.83 | 357.14 | 385.97 | OK | |
r-release-linux-x86_64 | 4.1-1 | 29.13 | 344.23 | 373.36 | OK | |
r-release-macos-arm64 | 4.1-1 | 131.00 | OK | |||
r-release-macos-x86_64 | 4.1-1 | 188.00 | OK | |||
r-release-windows-x86_64 | 4.1-1 | 131.00 | 462.00 | 593.00 | OK | |
r-oldrel-macos-arm64 | 4.1-1 | 123.00 | OK | |||
r-oldrel-macos-x86_64 | 4.1-1 | 183.00 | OK | |||
r-oldrel-windows-ix86+x86_64 | 4.1-1 | 50.00 | 400.00 | 450.00 | OK |
Version: 4.1-1
Check: Rd files
Result: NOTE
checkRd: (-1) estweights.Rd:42: Escaped LaTeX specials: \&
Flavors: r-devel-linux-x86_64-debian-clang, r-devel-linux-x86_64-debian-gcc, r-devel-linux-x86_64-fedora-clang, r-devel-linux-x86_64-fedora-gcc