Last updated on 2023-03-31 04:52:03 CEST.
Flavor | Version | Tinstall | Tcheck | Ttotal | Status | Flags |
---|---|---|---|---|---|---|
r-devel-linux-x86_64-debian-clang | 1.1-8 | 7.18 | 66.22 | 73.40 | OK | |
r-devel-linux-x86_64-debian-gcc | 1.1-8 | 5.43 | 50.39 | 55.82 | OK | |
r-devel-linux-x86_64-fedora-clang | 1.1-8 | 92.36 | OK | |||
r-devel-linux-x86_64-fedora-gcc | 1.1-8 | 97.06 | OK | |||
r-patched-linux-x86_64 | 1.1-8 | 6.17 | 61.82 | 67.99 | OK | |
r-release-linux-x86_64 | 1.1-8 | 5.07 | 63.76 | 68.83 | OK | |
r-release-macos-arm64 | 1.1-8 | 37.00 | OK | |||
r-release-macos-x86_64 | 1.1-8 | 59.00 | OK | |||
r-release-windows-x86_64 | 1.1-8 | 11.00 | 114.00 | 125.00 | OK | |
r-oldrel-macos-arm64 | 1.1-8 | 43.00 | OK | |||
r-oldrel-macos-x86_64 | 1.1-8 | 48.00 | OK | |||
r-oldrel-windows-ix86+x86_64 | 1.1-8 | 18.00 | 109.00 | 127.00 | NOTE |
Version: 1.1-8
Check: R code for possible problems
Result: NOTE
Initiating curl with CURL_SSL_BACKEND: openssl
Flavor: r-oldrel-windows-ix86+x86_64