Last updated on 2023-03-20 04:53:41 CET.
Flavor | Version | Tinstall | Tcheck | Ttotal | Status | Flags |
---|---|---|---|---|---|---|
r-devel-linux-x86_64-debian-clang | 2.5.5 | WARN | ||||
r-devel-linux-x86_64-debian-gcc | 2.5.5 | 5.65 | 68.61 | 74.26 | WARN | |
r-devel-linux-x86_64-fedora-clang | 2.5.5 | 99.55 | WARN | |||
r-devel-linux-x86_64-fedora-gcc | 2.5.5 | 125.72 | WARN | |||
r-patched-linux-x86_64 | 2.5.5 | 12.94 | 87.78 | 100.72 | OK | |
r-release-linux-x86_64 | 2.5.5 | 5.09 | 89.64 | 94.73 | OK | |
r-release-macos-arm64 | 2.5.5 | 34.00 | OK | |||
r-release-macos-x86_64 | 2.5.5 | 49.00 | OK | |||
r-release-windows-x86_64 | 2.5.5 | 64.00 | 116.00 | 180.00 | OK | |
r-oldrel-macos-arm64 | 2.5.5 | 36.00 | OK | |||
r-oldrel-macos-x86_64 | 2.5.5 | 49.00 | OK | |||
r-oldrel-windows-ix86+x86_64 | 2.5.5 | 16.00 | 120.00 | 136.00 | OK |
Version: 2.5.5
Check: S3 generic/method consistency
Result: WARN
autoplot:
function(object, ...)
autoplot.pairwise:
function(x, ...)
tbl_sum:
function(x)
tbl_sum.pairwise_tbl:
function(x, setup, ...)
See section ‘Generic functions and methods’ in the ‘Writing R
Extensions’ manual.
Flavors: r-devel-linux-x86_64-debian-clang, r-devel-linux-x86_64-debian-gcc, r-devel-linux-x86_64-fedora-clang, r-devel-linux-x86_64-fedora-gcc