Last updated on 2023-03-23 04:53:35 CET.
Flavor | Version | Tinstall | Tcheck | Ttotal | Status | Flags |
---|---|---|---|---|---|---|
r-devel-linux-x86_64-debian-clang | 0.15.7 | 22.01 | 149.77 | 171.78 | NOTE | |
r-devel-linux-x86_64-debian-gcc | 0.15.7 | 19.71 | 104.38 | 124.09 | NOTE | |
r-devel-linux-x86_64-fedora-clang | 0.15.7 | 223.47 | NOTE | |||
r-devel-linux-x86_64-fedora-gcc | 0.15.7 | 222.11 | NOTE | |||
r-patched-linux-x86_64 | 0.15.7 | 25.35 | 142.55 | 167.90 | NOTE | |
r-release-linux-x86_64 | 0.15.7 | 23.25 | 141.74 | 164.99 | NOTE | |
r-release-macos-arm64 | 0.15.7 | 62.00 | NOTE | |||
r-release-macos-x86_64 | 0.15.7 | 92.00 | NOTE | |||
r-release-windows-x86_64 | 0.15.7 | 104.00 | 742.00 | 846.00 | NOTE | |
r-oldrel-macos-arm64 | 0.15.7 | 58.00 | NOTE | |||
r-oldrel-macos-x86_64 | 0.15.7 | 88.00 | NOTE | |||
r-oldrel-windows-ix86+x86_64 | 0.15.7 | 159.00 | 371.00 | 530.00 | NOTE |
Version: 0.15.7
Check: C++ specification
Result: NOTE
Specified C++11: please drop specification unless essential
Flavors: r-devel-linux-x86_64-debian-clang, r-devel-linux-x86_64-debian-gcc, r-devel-linux-x86_64-fedora-clang, r-devel-linux-x86_64-fedora-gcc
Version: 0.15.7
Check: for GNU extensions in Makefiles
Result: NOTE
GNU make is a SystemRequirements.
Flavors: r-devel-linux-x86_64-debian-clang, r-devel-linux-x86_64-debian-gcc, r-devel-linux-x86_64-fedora-clang, r-devel-linux-x86_64-fedora-gcc, r-patched-linux-x86_64, r-release-linux-x86_64, r-release-macos-arm64, r-release-macos-x86_64, r-release-windows-x86_64, r-oldrel-macos-arm64, r-oldrel-macos-x86_64, r-oldrel-windows-ix86+x86_64