Last updated on 2023-02-03 04:50:43 CET.
Flavor | Version | Tinstall | Tcheck | Ttotal | Status | Flags |
---|---|---|---|---|---|---|
r-devel-linux-x86_64-debian-clang | 1.2.7 | 48.56 | 429.97 | 478.53 | OK | |
r-devel-linux-x86_64-debian-gcc | 1.2.7 | 41.44 | 309.47 | 350.91 | OK | |
r-devel-linux-x86_64-fedora-clang | 1.2.7 | 572.43 | NOTE | |||
r-devel-linux-x86_64-fedora-gcc | 1.2.7 | 594.03 | OK | |||
r-devel-windows-x86_64 | 1.2.7 | 59.00 | 434.00 | 493.00 | OK | |
r-patched-linux-x86_64 | 1.2.7 | 43.52 | 407.56 | 451.08 | OK | |
r-release-linux-x86_64 | 1.2.7 | 40.27 | 419.26 | 459.53 | OK | |
r-release-macos-arm64 | 1.2.7 | 138.00 | OK | |||
r-release-macos-x86_64 | 1.2.7 | 199.00 | OK | |||
r-release-windows-x86_64 | 1.2.7 | 60.00 | 433.00 | 493.00 | OK | |
r-oldrel-macos-arm64 | 1.2.7 | 133.00 | OK | |||
r-oldrel-macos-x86_64 | 1.2.7 | 189.00 | OK | |||
r-oldrel-windows-ix86+x86_64 | 1.2.7 | 103.00 | 414.00 | 517.00 | OK |
Version: 1.2.7
Check: package dependencies
Result: NOTE
Imports includes 23 non-default packages.
Importing from so many packages makes the package vulnerable to any of
them becoming unavailable. Move as many as possible to Suggests and
use conditionally.
Flavor: r-devel-linux-x86_64-fedora-clang