Last updated on 2023-03-21 04:58:05 CET.
Flavor | Version | Tinstall | Tcheck | Ttotal | Status | Flags |
---|---|---|---|---|---|---|
r-devel-linux-x86_64-debian-clang | 1.3.6 | OK | ||||
r-devel-linux-x86_64-debian-gcc | 1.3.6 | 41.50 | 226.85 | 268.35 | OK | |
r-devel-linux-x86_64-fedora-clang | 1.3.6 | 464.68 | OK | |||
r-devel-linux-x86_64-fedora-gcc | 1.3.6 | 445.76 | OK | |||
r-patched-linux-x86_64 | 1.3.6 | 53.67 | 289.79 | 343.46 | OK | |
r-release-linux-x86_64 | 1.3.6 | 40.68 | 294.30 | 334.98 | OK | |
r-release-macos-arm64 | 1.3.6 | 133.00 | NOTE | |||
r-release-macos-x86_64 | 1.3.6 | 185.00 | NOTE | |||
r-release-windows-x86_64 | 1.3.6 | 74.00 | 384.00 | 458.00 | OK | |
r-oldrel-macos-arm64 | 1.3.6 | 148.00 | NOTE | |||
r-oldrel-macos-x86_64 | 1.3.6 | 233.00 | NOTE | |||
r-oldrel-windows-ix86+x86_64 | 1.3.6 | 111.00 | 560.00 | 671.00 | OK |
Version: 1.3.6
Check: installed package size
Result: NOTE
installed size is 5.3Mb
sub-directories of 1Mb or more:
data 1.7Mb
libs 2.4Mb
Flavors: r-release-macos-arm64, r-release-macos-x86_64, r-oldrel-macos-arm64, r-oldrel-macos-x86_64