Last updated on 2023-04-01 04:56:31 CEST.
Flavor | Version | Tinstall | Tcheck | Ttotal | Status | Flags |
---|---|---|---|---|---|---|
r-devel-linux-x86_64-debian-clang | 1.3.0 | 13.17 | 159.68 | 172.85 | OK | |
r-devel-linux-x86_64-debian-gcc | 1.3.0 | 10.34 | 110.82 | 121.16 | OK | |
r-devel-linux-x86_64-fedora-clang | 1.3.0 | 205.77 | NOTE | |||
r-devel-linux-x86_64-fedora-gcc | 1.3.0 | 197.54 | NOTE | |||
r-patched-linux-x86_64 | 1.3.0 | 13.21 | 150.60 | 163.81 | OK | |
r-release-linux-x86_64 | 1.3.0 | 11.19 | 148.71 | 159.90 | OK | |
r-release-macos-arm64 | 1.3.0 | 44.00 | OK | |||
r-release-macos-x86_64 | 1.3.0 | 65.00 | OK | |||
r-release-windows-x86_64 | 1.3.0 | 84.00 | 179.00 | 263.00 | OK | |
r-oldrel-macos-arm64 | 1.3.0 | 41.00 | OK | |||
r-oldrel-macos-x86_64 | 1.3.0 | 66.00 | OK | |||
r-oldrel-windows-ix86+x86_64 | 1.3.0 | 22.00 | 186.00 | 208.00 | OK |
Version: 1.3.0
Check: dependencies in R code
Result: NOTE
Namespaces in Imports field not imported from:
‘Rdpack’ ‘mathjaxr’
All declared Imports should be used.
Flavors: r-devel-linux-x86_64-fedora-clang, r-devel-linux-x86_64-fedora-gcc