Last updated on 2023-03-28 04:53:12 CEST.
Flavor | Version | Tinstall | Tcheck | Ttotal | Status | Flags |
---|---|---|---|---|---|---|
r-devel-linux-x86_64-debian-clang | 4.8.0 | 4.84 | 39.76 | 44.60 | NOTE | |
r-devel-linux-x86_64-debian-gcc | 4.8.0 | 3.35 | 30.91 | 34.26 | NOTE | |
r-devel-linux-x86_64-fedora-clang | 4.8.0 | 55.69 | NOTE | |||
r-devel-linux-x86_64-fedora-gcc | 4.8.0 | 53.52 | NOTE | |||
r-patched-linux-x86_64 | 4.8.0 | 6.27 | 38.58 | 44.85 | NOTE | |
r-release-linux-x86_64 | 4.8.0 | 4.50 | 38.46 | 42.96 | NOTE | |
r-release-macos-arm64 | 4.8.0 | 33.00 | NOTE | |||
r-release-macos-x86_64 | 4.8.0 | 34.00 | NOTE | |||
r-release-windows-x86_64 | 4.8.0 | 158.00 | 77.00 | 235.00 | NOTE | |
r-oldrel-macos-arm64 | 4.8.0 | 37.00 | NOTE | |||
r-oldrel-macos-x86_64 | 4.8.0 | 36.00 | NOTE | |||
r-oldrel-windows-ix86+x86_64 | 4.8.0 | 16.00 | 86.00 | 102.00 | NOTE |
Version: 4.8.0
Check: R code for possible problems
Result: NOTE
Found the following possibly unsafe calls:
File ‘statnet.common/R/control.utilities.R’:
unlockBinding("snctrl", environment(snctrl))
unlockBinding("snctrl", environment(update_my_snctrl))
Flavors: r-devel-linux-x86_64-debian-clang, r-devel-linux-x86_64-debian-gcc, r-devel-linux-x86_64-fedora-clang, r-devel-linux-x86_64-fedora-gcc, r-patched-linux-x86_64, r-release-linux-x86_64, r-release-macos-arm64, r-release-macos-x86_64, r-release-windows-x86_64, r-oldrel-macos-arm64, r-oldrel-macos-x86_64, r-oldrel-windows-ix86+x86_64