Last updated on 2023-03-20 04:53:40 CET.
Flavor | Version | Tinstall | Tcheck | Ttotal | Status | Flags |
---|---|---|---|---|---|---|
r-devel-linux-x86_64-debian-clang | 1.0.5 | NOTE | ||||
r-devel-linux-x86_64-debian-gcc | 1.0.5 | 77.28 | 73.58 | 150.86 | NOTE | |
r-devel-linux-x86_64-fedora-clang | 1.0.5 | 292.39 | NOTE | |||
r-devel-linux-x86_64-fedora-gcc | 1.0.5 | 260.70 | NOTE | |||
r-patched-linux-x86_64 | 1.0.5 | 78.53 | 95.16 | 173.69 | OK | |
r-release-linux-x86_64 | 1.0.5 | 84.49 | 94.32 | 178.81 | OK | |
r-release-macos-arm64 | 1.0.5 | 82.00 | NOTE | |||
r-release-macos-x86_64 | 1.0.5 | 102.00 | NOTE | |||
r-release-windows-x86_64 | 1.0.5 | 109.00 | 176.00 | 285.00 | OK | |
r-oldrel-macos-arm64 | 1.0.5 | 84.00 | NOTE | |||
r-oldrel-macos-x86_64 | 1.0.5 | 105.00 | NOTE | |||
r-oldrel-windows-ix86+x86_64 | 1.0.5 | 242.00 | 192.00 | 434.00 | NOTE |
Version: 1.0.5
Check: C++ specification
Result: NOTE
Specified C++11: please drop specification unless essential
Flavors: r-devel-linux-x86_64-debian-clang, r-devel-linux-x86_64-debian-gcc, r-devel-linux-x86_64-fedora-clang, r-devel-linux-x86_64-fedora-gcc
Version: 1.0.5
Check: installed package size
Result: NOTE
installed size is 7.3Mb
sub-directories of 1Mb or more:
extdata 2.4Mb
libs 4.2Mb
Flavors: r-release-macos-arm64, r-release-macos-x86_64, r-oldrel-macos-arm64, r-oldrel-macos-x86_64, r-oldrel-windows-ix86+x86_64