CRAN Package Check Results for Package staplr

Last updated on 2023-03-25 04:54:53 CET.

Flavor Version Tinstall Tcheck Ttotal Status Flags
r-devel-linux-x86_64-debian-clang 3.1.1 8.11 131.41 139.52 NOTE
r-devel-linux-x86_64-debian-gcc 3.1.1 5.51 101.88 107.39 NOTE
r-devel-linux-x86_64-fedora-clang 3.1.1 171.93 NOTE
r-devel-linux-x86_64-fedora-gcc 3.1.1 148.17 NOTE
r-patched-linux-x86_64 3.1.1 8.00 133.42 141.42 NOTE
r-release-linux-x86_64 3.1.1 6.84 133.01 139.85 NOTE
r-release-macos-arm64 3.1.1 56.00 NOTE
r-release-macos-x86_64 3.1.1 60.00 NOTE
r-release-windows-x86_64 3.1.1 518.00 142.00 660.00 NOTE
r-oldrel-macos-arm64 3.1.1 97.00 NOTE
r-oldrel-macos-x86_64 3.1.1 109.00 NOTE
r-oldrel-windows-ix86+x86_64 3.1.1 15.00 121.00 136.00 NOTE

Check Details

Version: 3.1.1
Check: LazyData
Result: NOTE
     'LazyData' is specified without a 'data' directory
Flavors: r-devel-linux-x86_64-debian-clang, r-devel-linux-x86_64-debian-gcc, r-devel-linux-x86_64-fedora-clang, r-devel-linux-x86_64-fedora-gcc, r-patched-linux-x86_64, r-release-linux-x86_64, r-release-macos-arm64, r-release-macos-x86_64, r-release-windows-x86_64, r-oldrel-macos-arm64, r-oldrel-macos-x86_64, r-oldrel-windows-ix86+x86_64

Version: 3.1.1
Check: package dependencies
Result: NOTE
    Package suggested but not available for checking: ‘pdftools’
Flavor: r-release-macos-x86_64