Last updated on 2023-02-03 04:50:43 CET.
Flavor | Version | Tinstall | Tcheck | Ttotal | Status | Flags |
---|---|---|---|---|---|---|
r-devel-linux-x86_64-debian-clang | 1.1.25 | 22.29 | 297.03 | 319.32 | OK | |
r-devel-linux-x86_64-debian-gcc | 1.1.25 | 16.93 | 215.45 | 232.38 | OK | |
r-devel-linux-x86_64-fedora-clang | 1.1.25 | 375.24 | OK | |||
r-devel-linux-x86_64-fedora-gcc | 1.1.25 | 406.16 | OK | |||
r-patched-linux-x86_64 | 1.1.25 | 25.50 | 278.43 | 303.93 | OK | |
r-release-linux-x86_64 | 1.1.25 | 19.76 | 275.26 | 295.02 | OK | |
r-release-macos-arm64 | 1.1.25 | 126.00 | OK | |||
r-release-macos-x86_64 | 1.1.25 | 257.00 | NOTE | |||
r-release-windows-x86_64 | 1.1.25 | 94.00 | 429.00 | 523.00 | OK | |
r-oldrel-macos-arm64 | 1.1.25 | 117.00 | OK | |||
r-oldrel-macos-x86_64 | 1.1.25 | 181.00 | OK | |||
r-oldrel-windows-ix86+x86_64 | 1.1.25 | 44.00 | 405.00 | 449.00 | OK |
Version: 1.1.25
Check: package dependencies
Result: NOTE
Package suggested but not available for checking: ‘xlsx’
Flavor: r-release-macos-x86_64