Last updated on 2023-03-27 04:53:26 CEST.
Flavor | Version | Tinstall | Tcheck | Ttotal | Status | Flags |
---|---|---|---|---|---|---|
r-devel-linux-x86_64-debian-clang | 1.1.5 | 528.42 | 114.47 | 642.89 | NOTE | |
r-devel-linux-x86_64-debian-gcc | 1.1.5 | 430.61 | 110.46 | 541.07 | NOTE | |
r-devel-linux-x86_64-fedora-clang | 1.1.5 | 770.01 | NOTE | |||
r-devel-linux-x86_64-fedora-gcc | 1.1.5 | 901.18 | NOTE | |||
r-patched-linux-x86_64 | 1.1.5 | 405.53 | 141.77 | 547.30 | NOTE | |
r-release-linux-x86_64 | 1.1.5 | 363.74 | 130.96 | 494.70 | NOTE | |
r-release-macos-arm64 | 1.1.5 | 226.00 | NOTE | |||
r-release-macos-x86_64 | 1.1.5 | 346.00 | NOTE | |||
r-release-windows-x86_64 | 1.1.5 | 740.00 | 195.00 | 935.00 | NOTE | |
r-oldrel-macos-arm64 | 1.1.5 | 251.00 | NOTE | |||
r-oldrel-macos-x86_64 | 1.1.5 | 434.00 | NOTE | |||
r-oldrel-windows-ix86+x86_64 | 1.1.5 | 1064.00 | 230.00 | 1294.00 | NOTE |
Version: 1.1.5
Check: C++ specification
Result: NOTE
Specified C++14: please drop specification unless essential
Flavors: r-devel-linux-x86_64-debian-clang, r-devel-linux-x86_64-debian-gcc, r-devel-linux-x86_64-fedora-clang, r-devel-linux-x86_64-fedora-gcc, r-patched-linux-x86_64
Version: 1.1.5
Check: for GNU extensions in Makefiles
Result: NOTE
GNU make is a SystemRequirements.
Flavors: r-devel-linux-x86_64-debian-clang, r-devel-linux-x86_64-debian-gcc, r-devel-linux-x86_64-fedora-clang, r-devel-linux-x86_64-fedora-gcc, r-patched-linux-x86_64, r-release-linux-x86_64, r-release-macos-arm64, r-release-macos-x86_64, r-release-windows-x86_64, r-oldrel-macos-arm64, r-oldrel-macos-x86_64, r-oldrel-windows-ix86+x86_64
Version: 1.1.5
Check: installed package size
Result: NOTE
installed size is 5.8Mb
sub-directories of 1Mb or more:
libs 5.4Mb
Flavors: r-devel-linux-x86_64-fedora-clang, r-release-macos-arm64, r-release-macos-x86_64, r-oldrel-macos-arm64, r-oldrel-macos-x86_64, r-oldrel-windows-ix86+x86_64