CRAN Package Check Results for Package spsurvey

Last updated on 2022-12-01 04:52:05 CET.

Flavor Version Tinstall Tcheck Ttotal Status Flags
r-devel-linux-x86_64-debian-clang 5.4.0 36.15 439.10 475.25 OK
r-devel-linux-x86_64-debian-gcc 5.4.0 28.44 319.13 347.57 OK
r-devel-linux-x86_64-fedora-clang 5.4.0 607.20 NOTE
r-devel-linux-x86_64-fedora-gcc 5.4.0 647.80 OK
r-devel-windows-x86_64 5.4.0 64.00 461.00 525.00 NOTE
r-patched-linux-x86_64 5.4.0 36.71 410.19 446.90 OK
r-release-linux-x86_64 5.4.0 34.34 388.82 423.16 OK
r-release-macos-arm64 5.3.0 142.00 NOTE
r-release-macos-x86_64 5.4.0 180.00 NOTE
r-release-windows-x86_64 5.4.0 74.00 390.00 464.00 NOTE
r-oldrel-macos-arm64 5.3.0 174.00 NOTE
r-oldrel-macos-x86_64 5.4.0 183.00 NOTE
r-oldrel-windows-ix86+x86_64 5.4.0 66.00 458.00 524.00 NOTE

Check Details

Version: 5.4.0
Check: installed package size
Result: NOTE
     installed size is 6.9Mb
     sub-directories of 1Mb or more:
     doc 5.3Mb
Flavors: r-devel-linux-x86_64-fedora-clang, r-devel-windows-x86_64, r-release-macos-x86_64, r-release-windows-x86_64, r-oldrel-macos-x86_64, r-oldrel-windows-ix86+x86_64

Version: 5.3.0
Check: installed package size
Result: NOTE
     installed size is 6.8Mb
     sub-directories of 1Mb or more:
     doc 5.3Mb
Flavors: r-release-macos-arm64, r-oldrel-macos-arm64