Last updated on 2023-03-31 04:52:02 CEST.
Flavor | Version | Tinstall | Tcheck | Ttotal | Status | Flags |
---|---|---|---|---|---|---|
r-devel-linux-x86_64-debian-clang | 0.2.0 | 22.54 | 49.56 | 72.10 | NOTE | |
r-devel-linux-x86_64-debian-gcc | 0.2.0 | 13.66 | 38.35 | 52.01 | NOTE | |
r-devel-linux-x86_64-fedora-clang | 0.2.0 | 95.72 | NOTE | |||
r-devel-linux-x86_64-fedora-gcc | 0.2.0 | 96.21 | NOTE | |||
r-patched-linux-x86_64 | 0.2.0 | 17.96 | 47.81 | 65.77 | NOTE | |
r-release-linux-x86_64 | 0.2.0 | 14.11 | 49.19 | 63.30 | OK | |
r-release-macos-arm64 | 0.2.0 | 32.00 | NOTE | |||
r-release-macos-x86_64 | 0.2.0 | 57.00 | NOTE | |||
r-release-windows-x86_64 | 0.2.0 | 34.00 | 110.00 | 144.00 | OK | |
r-oldrel-macos-arm64 | 0.2.0 | 40.00 | NOTE | |||
r-oldrel-macos-x86_64 | 0.2.0 | 56.00 | NOTE | |||
r-oldrel-windows-ix86+x86_64 | 0.2.0 | 49.00 | 105.00 | 154.00 | OK |
Version: 0.2.0
Check: package subdirectories
Result: NOTE
Problems with news in ‘NEWS.md’:
Cannot extract version info from the following section titles:
updates of 10th May 2021
Flavors: r-devel-linux-x86_64-debian-clang, r-devel-linux-x86_64-debian-gcc, r-devel-linux-x86_64-fedora-clang, r-devel-linux-x86_64-fedora-gcc, r-patched-linux-x86_64
Version: 0.2.0
Check: dependencies in R code
Result: NOTE
Namespaces in Imports field not imported from:
‘extrafont’ ‘ggplot2’
All declared Imports should be used.
Flavors: r-devel-linux-x86_64-fedora-clang, r-devel-linux-x86_64-fedora-gcc, r-release-macos-arm64, r-release-macos-x86_64, r-oldrel-macos-arm64, r-oldrel-macos-x86_64