Last updated on 2023-03-31 04:52:02 CEST.
Flavor | Version | Tinstall | Tcheck | Ttotal | Status | Flags |
---|---|---|---|---|---|---|
r-devel-linux-x86_64-debian-clang | 2.0.0 | 2.51 | 30.14 | 32.65 | OK | |
r-devel-linux-x86_64-debian-gcc | 2.0.0 | 2.40 | 24.13 | 26.53 | OK | |
r-devel-linux-x86_64-fedora-clang | 2.0.0 | 41.89 | NOTE | |||
r-devel-linux-x86_64-fedora-gcc | 2.0.0 | 42.34 | NOTE | |||
r-patched-linux-x86_64 | 2.0.0 | 3.47 | 29.43 | 32.90 | OK | |
r-release-linux-x86_64 | 2.0.0 | 2.15 | 31.28 | 33.43 | OK | |
r-release-macos-arm64 | 2.0.0 | 17.00 | NOTE | |||
r-release-macos-x86_64 | 2.0.0 | 31.00 | NOTE | |||
r-release-windows-x86_64 | 2.0.0 | 9.00 | 67.00 | 76.00 | OK | |
r-oldrel-macos-arm64 | 2.0.0 | 16.00 | NOTE | |||
r-oldrel-macos-x86_64 | 2.0.0 | 25.00 | NOTE | |||
r-oldrel-windows-ix86+x86_64 | 2.0.0 | 10.00 | 60.00 | 70.00 | OK |
Version: 2.0.0
Check: dependencies in R code
Result: NOTE
Namespaces in Imports field not imported from:
‘glue’ ‘httptest’
All declared Imports should be used.
Flavors: r-devel-linux-x86_64-fedora-clang, r-devel-linux-x86_64-fedora-gcc, r-release-macos-arm64, r-release-macos-x86_64, r-oldrel-macos-arm64, r-oldrel-macos-x86_64