Last updated on 2023-02-01 04:52:08 CET.
Flavor | Version | Tinstall | Tcheck | Ttotal | Status | Flags |
---|---|---|---|---|---|---|
r-devel-linux-x86_64-debian-clang | 4.3.1 | 20.12 | 234.52 | 254.64 | OK | |
r-devel-linux-x86_64-debian-gcc | 4.3.1 | 16.47 | 195.16 | 211.63 | OK | |
r-devel-linux-x86_64-fedora-clang | 4.3.1 | 285.64 | NOTE | |||
r-devel-linux-x86_64-fedora-gcc | 4.3.1 | 383.40 | OK | |||
r-devel-windows-x86_64 | 4.3.1 | 187.00 | 337.00 | 524.00 | NOTE | |
r-patched-linux-x86_64 | 4.3.1 | 18.95 | 292.48 | 311.43 | OK | |
r-release-linux-x86_64 | 4.3.1 | 13.98 | 269.48 | 283.46 | OK | |
r-release-macos-arm64 | 4.3.1 | 69.00 | WARN | |||
r-release-macos-x86_64 | 4.3.1 | 122.00 | WARN | |||
r-release-windows-x86_64 | 4.3.1 | 170.00 | 296.00 | 466.00 | NOTE | |
r-oldrel-macos-arm64 | 4.3.1 | 75.00 | WARN | |||
r-oldrel-macos-x86_64 | 4.3.1 | 118.00 | WARN | |||
r-oldrel-windows-ix86+x86_64 | 4.3.1 | 45.00 | 284.00 | 329.00 | NOTE |
Version: 4.3.1
Check: installed package size
Result: NOTE
installed size is 6.2Mb
sub-directories of 1Mb or more:
doc 4.8Mb
Flavors: r-devel-linux-x86_64-fedora-clang, r-devel-windows-x86_64, r-release-macos-arm64, r-release-macos-x86_64, r-release-windows-x86_64, r-oldrel-macos-arm64, r-oldrel-macos-x86_64, r-oldrel-windows-ix86+x86_64
Version: 4.3.1
Check: for missing documentation entries
Result: WARN
Undocumented S4 methods:
generic '[' and siglist 'SpectraInTime,ANY,missing,ANY'
generic '[' and siglist 'SpectraInTime,missing,ANY,ANY'
generic '[' and siglist 'SpectraInTime,missing,missing,ANY'
generic '[' and siglist 'SpectraInTimeComp,ANY,ANY,ANY'
generic '[' and siglist 'SpectraInTimeComp,ANY,missing,ANY'
generic '[' and siglist 'SpectraInTimeComp,missing,ANY,ANY'
All user-level objects in a package (including S4 classes and methods)
should have documentation entries.
See chapter ‘Writing R documentation files’ in the ‘Writing R
Extensions’ manual.
Flavors: r-release-macos-arm64, r-release-macos-x86_64, r-oldrel-macos-arm64, r-oldrel-macos-x86_64