Last updated on 2023-03-23 04:53:35 CET.
Flavor | Version | Tinstall | Tcheck | Ttotal | Status | Flags |
---|---|---|---|---|---|---|
r-devel-linux-x86_64-debian-clang | 5.0-1 | 13.32 | 174.76 | 188.08 | NOTE | |
r-devel-linux-x86_64-debian-gcc | 5.0-1 | 11.08 | 136.36 | 147.44 | NOTE | |
r-devel-linux-x86_64-fedora-clang | 5.0-1 | 237.06 | NOTE | |||
r-devel-linux-x86_64-fedora-gcc | 5.0-1 | 240.23 | NOTE | |||
r-patched-linux-x86_64 | 5.0-1 | 13.32 | 171.22 | 184.54 | NOTE | |
r-release-linux-x86_64 | 5.0-1 | 9.91 | 171.66 | 181.57 | NOTE | |
r-release-macos-arm64 | 5.0-1 | 66.00 | NOTE | |||
r-release-macos-x86_64 | 5.0-1 | 101.00 | NOTE | |||
r-release-windows-x86_64 | 5.0-1 | 104.00 | 226.00 | 330.00 | NOTE | |
r-oldrel-macos-arm64 | 5.0-1 | 69.00 | NOTE | |||
r-oldrel-macos-x86_64 | 5.0-1 | 97.00 | NOTE | |||
r-oldrel-windows-ix86+x86_64 | 5.0-1 | 28.00 | 211.00 | 239.00 | NOTE |
Version: 5.0-1
Check: package dependencies
Result: NOTE
Depends: includes the non-default packages:
'spatstat.data', 'spatstat.sparse', 'spatstat.geom',
'spatstat.random', 'spatstat.explore', 'spatstat.model', 'spatstat'
Adding so many packages to the search path is excessive and importing
selectively is preferable.
Flavors: r-devel-linux-x86_64-debian-clang, r-devel-linux-x86_64-debian-gcc, r-devel-linux-x86_64-fedora-clang, r-devel-linux-x86_64-fedora-gcc, r-patched-linux-x86_64, r-release-linux-x86_64, r-release-macos-arm64, r-release-macos-x86_64, r-release-windows-x86_64, r-oldrel-macos-arm64, r-oldrel-macos-x86_64, r-oldrel-windows-ix86+x86_64