Last updated on 2023-03-28 04:53:12 CEST.
Flavor | Version | Tinstall | Tcheck | Ttotal | Status | Flags |
---|---|---|---|---|---|---|
r-devel-linux-x86_64-debian-clang | 3.0-1 | 10.67 | 112.58 | 123.25 | NOTE | |
r-devel-linux-x86_64-debian-gcc | 3.0-1 | 8.16 | 84.18 | 92.34 | NOTE | |
r-devel-linux-x86_64-fedora-clang | 3.0-1 | 150.70 | NOTE | |||
r-devel-linux-x86_64-fedora-gcc | 3.0-1 | 150.04 | NOTE | |||
r-patched-linux-x86_64 | 3.0-1 | 11.48 | 104.09 | 115.57 | NOTE | |
r-release-linux-x86_64 | 3.0-1 | 7.33 | 112.44 | 119.77 | NOTE | |
r-release-macos-arm64 | 3.0-1 | 65.00 | NOTE | |||
r-release-macos-x86_64 | 3.0-1 | 83.00 | NOTE | |||
r-release-windows-x86_64 | 3.0-1 | 23.00 | 145.00 | 168.00 | NOTE | |
r-oldrel-macos-arm64 | 3.0-1 | 64.00 | NOTE | |||
r-oldrel-macos-x86_64 | 3.0-1 | 80.00 | NOTE | |||
r-oldrel-windows-ix86+x86_64 | 3.0-1 | 23.00 | 133.00 | 156.00 | NOTE |
Version: 3.0-1
Check: package dependencies
Result: NOTE
Depends: includes the non-default packages:
'spatstat.geom', 'spatstat.random', 'spatstat.explore',
'spatstat.model', 'spatstat.linnet', 'spatstat.data', 'spatstat',
'rpanel', 'tcltk'
Adding so many packages to the search path is excessive and importing
selectively is preferable.
Flavors: r-devel-linux-x86_64-debian-clang, r-devel-linux-x86_64-debian-gcc, r-devel-linux-x86_64-fedora-clang, r-devel-linux-x86_64-fedora-gcc, r-patched-linux-x86_64, r-release-linux-x86_64, r-release-macos-arm64, r-release-macos-x86_64, r-release-windows-x86_64, r-oldrel-macos-arm64, r-oldrel-macos-x86_64, r-oldrel-windows-ix86+x86_64