CRAN Package Check Results for Package spatstat.geom

Last updated on 2023-02-08 04:52:13 CET.

Flavor Version Tinstall Tcheck Ttotal Status Flags
r-devel-linux-x86_64-debian-clang 3.0-6 82.52 420.44 502.96 OK
r-devel-linux-x86_64-debian-gcc 3.0-6 54.80 308.64 363.44 OK
r-devel-linux-x86_64-fedora-clang 3.0-6 554.68 OK
r-devel-linux-x86_64-fedora-gcc 3.0-6 580.62 OK
r-devel-windows-x86_64 3.0-6 574.00 654.00 1228.00 OK
r-patched-linux-x86_64 3.0-6 85.90 363.00 448.90 OK
r-release-linux-x86_64 3.0-6 64.57 388.58 453.15 OK
r-release-macos-arm64 3.0-6 132.00 NOTE
r-release-macos-x86_64 3.0-6 178.00 OK
r-release-windows-x86_64 3.0-6 149.00 414.00 563.00 OK
r-oldrel-macos-arm64 3.0-6 119.00 NOTE
r-oldrel-macos-x86_64 3.0-6 184.00 OK
r-oldrel-windows-ix86+x86_64 3.0-6 148.00 678.00 826.00 OK

Check Details

Version: 3.0-6
Check: installed package size
Result: NOTE
     installed size is 5.1Mb
     sub-directories of 1Mb or more:
     R 2.1Mb
     help 1.9Mb
Flavors: r-release-macos-arm64, r-oldrel-macos-arm64