Last updated on 2023-02-04 04:54:05 CET.
Flavor | Version | Tinstall | Tcheck | Ttotal | Status | Flags |
---|---|---|---|---|---|---|
r-devel-linux-x86_64-debian-clang | 0.6-6 | 17.72 | 129.55 | 147.27 | NOTE | |
r-devel-linux-x86_64-debian-gcc | 0.6-6 | 12.56 | 96.16 | 108.72 | NOTE | |
r-devel-linux-x86_64-fedora-clang | 0.6-6 | 187.39 | OK | |||
r-devel-linux-x86_64-fedora-gcc | 0.6-6 | 195.70 | OK | |||
r-devel-windows-x86_64 | 0.6-6 | 60.00 | 147.00 | 207.00 | NOTE | |
r-patched-linux-x86_64 | 0.6-6 | 18.28 | 126.13 | 144.41 | NOTE | |
r-release-linux-x86_64 | 0.6-6 | 11.63 | 123.34 | 134.97 | NOTE | |
r-release-macos-arm64 | 0.6-6 | 45.00 | NOTE | |||
r-release-macos-x86_64 | 0.6-6 | 76.00 | NOTE | |||
r-release-windows-x86_64 | 0.6-6 | 29.00 | 166.00 | 195.00 | NOTE | |
r-oldrel-macos-arm64 | 0.6-6 | 46.00 | NOTE | |||
r-oldrel-macos-x86_64 | 0.6-6 | 76.00 | NOTE | |||
r-oldrel-windows-ix86+x86_64 | 0.6-6 | 34.00 | 153.00 | 187.00 | OK |
Version: 0.6-6
Check: package dependencies
Result: NOTE
Package suggested but not available for checking: ‘INLA’
Flavors: r-devel-linux-x86_64-debian-clang, r-devel-linux-x86_64-debian-gcc, r-devel-windows-x86_64, r-patched-linux-x86_64, r-release-linux-x86_64, r-release-macos-arm64, r-release-macos-x86_64, r-release-windows-x86_64, r-oldrel-macos-arm64, r-oldrel-macos-x86_64