CRAN Package Check Results for Package sparsereg

Last updated on 2023-03-28 04:53:12 CEST.

Flavor Version Tinstall Tcheck Ttotal Status Flags
r-devel-linux-x86_64-debian-clang 1.2 81.81 129.45 211.26 OK
r-devel-linux-x86_64-debian-gcc 1.2 61.22 94.87 156.09 OK
r-devel-linux-x86_64-fedora-clang 1.2 283.83 NOTE
r-devel-linux-x86_64-fedora-gcc 1.2 262.62 NOTE
r-patched-linux-x86_64 1.2 60.95 118.82 179.77 OK
r-release-linux-x86_64 1.2 66.38 123.01 189.39 OK
r-release-macos-arm64 1.2 67.00 OK
r-release-macos-x86_64 1.2 129.00 OK
r-release-windows-x86_64 1.2 68.00 165.00 233.00 OK
r-oldrel-macos-arm64 1.2 74.00 OK
r-oldrel-macos-x86_64 1.2 130.00 OK
r-oldrel-windows-ix86+x86_64 1.2 183.00 199.00 382.00 OK

Check Details

Version: 1.2
Check: compiled code
Result: NOTE
    File ‘sparsereg/libs/sparsereg.so’:
     Found no calls to: ‘R_registerRoutines’, ‘R_useDynamicSymbols’
    
    It is good practice to register native routines and to disable symbol
    search.
    
    See ‘Writing portable packages’ in the ‘Writing R Extensions’ manual.
Flavors: r-devel-linux-x86_64-fedora-clang, r-devel-linux-x86_64-fedora-gcc