Last updated on 2023-03-27 04:53:25 CEST.
Flavor | Version | Tinstall | Tcheck | Ttotal | Status | Flags |
---|---|---|---|---|---|---|
r-devel-linux-x86_64-debian-clang | 0.4.1 | 18.61 | 152.71 | 171.32 | NOTE | |
r-devel-linux-x86_64-debian-gcc | 0.4.1 | 12.52 | 110.38 | 122.90 | NOTE | |
r-devel-linux-x86_64-fedora-clang | 0.4.1 | 209.68 | NOTE | |||
r-devel-linux-x86_64-fedora-gcc | 0.4.1 | 197.15 | NOTE | |||
r-patched-linux-x86_64 | 0.4.1 | 21.59 | 137.63 | 159.22 | NOTE | |
r-release-linux-x86_64 | 0.4.1 | 19.06 | 136.07 | 155.13 | OK | |
r-release-macos-arm64 | 0.4.1 | 55.00 | OK | |||
r-release-macos-x86_64 | 0.4.1 | 94.00 | OK | |||
r-release-windows-x86_64 | 0.4.1 | 31.00 | 159.00 | 190.00 | OK | |
r-oldrel-macos-arm64 | 0.4.1 | 60.00 | OK | |||
r-oldrel-macos-x86_64 | 0.4.1 | 68.00 | OK | |||
r-oldrel-windows-ix86+x86_64 | 0.4.1 | 37.00 | 153.00 | 190.00 | OK |
Version: 0.4.1
Check: package subdirectories
Result: NOTE
Problems with news in ‘NEWS.md’:
No news entries found.
Flavors: r-devel-linux-x86_64-debian-clang, r-devel-linux-x86_64-debian-gcc, r-devel-linux-x86_64-fedora-clang, r-devel-linux-x86_64-fedora-gcc, r-patched-linux-x86_64