Last updated on 2023-03-22 04:52:58 CET.
Flavor | Version | Tinstall | Tcheck | Ttotal | Status | Flags |
---|---|---|---|---|---|---|
r-devel-linux-x86_64-debian-clang | 1.2.0 | 8.85 | 78.66 | 87.51 | OK | |
r-devel-linux-x86_64-debian-gcc | 1.2.0 | 7.37 | 58.55 | 65.92 | OK | |
r-devel-linux-x86_64-fedora-clang | 1.2.0 | 108.66 | NOTE | |||
r-devel-linux-x86_64-fedora-gcc | 1.2.0 | 112.06 | OK | |||
r-patched-linux-x86_64 | 1.2.0 | 9.59 | 72.00 | 81.59 | OK | |
r-release-linux-x86_64 | 1.2.0 | 8.16 | 73.15 | 81.31 | OK | |
r-release-macos-arm64 | 1.2.0 | 36.00 | OK | |||
r-release-macos-x86_64 | 1.2.0 | 66.00 | OK | |||
r-release-windows-x86_64 | 1.2.0 | 68.00 | 149.00 | 217.00 | OK | |
r-oldrel-macos-arm64 | 1.2.0 | 37.00 | OK | |||
r-oldrel-macos-x86_64 | 1.2.0 | 78.00 | OK | |||
r-oldrel-windows-ix86+x86_64 | 1.2.0 | 21.00 | 114.00 | 135.00 | NOTE |
Version: 1.2.0
Check: Rd cross-references
Result: NOTE
Undeclared package ‘XML’ in Rd xrefs
Flavor: r-devel-linux-x86_64-fedora-clang
Version: 1.2.0
Check: R code for possible problems
Result: NOTE
Initiating curl with CURL_SSL_BACKEND: openssl
Flavor: r-oldrel-windows-ix86+x86_64