Last updated on 2023-04-02 04:51:53 CEST.
Flavor | Version | Tinstall | Tcheck | Ttotal | Status | Flags |
---|---|---|---|---|---|---|
r-devel-linux-x86_64-debian-clang | 0.2.0 | 10.37 | 268.08 | 278.45 | OK | |
r-devel-linux-x86_64-debian-gcc | 0.2.0 | 9.57 | 306.17 | 315.74 | OK | |
r-devel-linux-x86_64-fedora-clang | 0.2.0 | 273.88 | OK | |||
r-devel-linux-x86_64-fedora-gcc | 0.2.0 | 272.08 | OK | |||
r-patched-linux-x86_64 | 0.2.0 | 16.31 | 263.82 | 280.13 | OK | |
r-release-linux-x86_64 | 0.2.0 | 9.48 | 265.28 | 274.76 | OK | |
r-release-macos-arm64 | 0.2.0 | 73.00 | OK | |||
r-release-macos-x86_64 | 0.2.0 | 97.00 | OK | |||
r-release-windows-x86_64 | 0.2.0 | 22.00 | 387.00 | 409.00 | OK | |
r-oldrel-macos-arm64 | 0.2.0 | 70.00 | OK | |||
r-oldrel-macos-x86_64 | 0.2.0 | 100.00 | OK | |||
r-oldrel-windows-ix86+x86_64 | 0.2.0 | 26.00 | 304.00 | 330.00 | NOTE |
Version: 0.2.0
Check: R code for possible problems
Result: NOTE
Initiating curl with CURL_SSL_BACKEND: openssl
Flavor: r-oldrel-windows-ix86+x86_64