CRAN Package Check Results for Package smoothAPC

Last updated on 2023-04-01 04:56:30 CEST.

Flavor Version Tinstall Tcheck Ttotal Status Flags
r-devel-linux-x86_64-debian-clang 0.3 10.50 126.83 137.33 NOTE
r-devel-linux-x86_64-debian-gcc 0.3 10.21 99.64 109.85 NOTE
r-devel-linux-x86_64-fedora-clang 0.3 174.63 NOTE
r-devel-linux-x86_64-fedora-gcc 0.3 175.25 NOTE
r-patched-linux-x86_64 0.3 10.99 124.25 135.24 NOTE
r-release-linux-x86_64 0.3 9.04 124.66 133.70 NOTE
r-release-macos-arm64 0.3 68.00 NOTE
r-release-macos-x86_64 0.3 66.00 NOTE
r-release-windows-x86_64 0.3 31.00 169.00 200.00 NOTE
r-oldrel-macos-arm64 0.3 60.00 NOTE
r-oldrel-macos-x86_64 0.3 106.00 NOTE
r-oldrel-windows-ix86+x86_64 0.3 26.00 154.00 180.00 NOTE

Check Details

Version: 0.3
Check: LazyData
Result: NOTE
     'LazyData' is specified without a 'data' directory
Flavors: r-devel-linux-x86_64-debian-clang, r-devel-linux-x86_64-debian-gcc, r-devel-linux-x86_64-fedora-clang, r-devel-linux-x86_64-fedora-gcc, r-patched-linux-x86_64, r-release-linux-x86_64, r-release-macos-arm64, r-release-macos-x86_64, r-release-windows-x86_64, r-oldrel-macos-arm64, r-oldrel-macos-x86_64, r-oldrel-windows-ix86+x86_64

Version: 0.3
Check: dependencies in R code
Result: NOTE
    Namespaces in Imports field not imported from:
     ‘compiler’ ‘lmtest’
     All declared Imports should be used.
Flavors: r-devel-linux-x86_64-fedora-clang, r-devel-linux-x86_64-fedora-gcc, r-release-macos-arm64, r-release-macos-x86_64, r-oldrel-macos-arm64, r-oldrel-macos-x86_64