CRAN Package Check Results for Package slippymath

Last updated on 2023-03-20 04:53:17 CET.

Flavor Version Tinstall Tcheck Ttotal Status Flags
r-devel-linux-x86_64-debian-clang 0.3.1 NOTE
r-devel-linux-x86_64-debian-gcc 0.3.1 2.22 42.46 44.68 NOTE
r-devel-linux-x86_64-fedora-clang 0.3.1 74.27 NOTE
r-devel-linux-x86_64-fedora-gcc 0.3.1 88.00 NOTE
r-patched-linux-x86_64 0.3.1 2.94 55.21 58.15 NOTE
r-release-linux-x86_64 0.3.1 2.12 55.15 57.27 NOTE
r-release-macos-arm64 0.3.1 25.00 NOTE
r-release-macos-x86_64 0.3.1 37.00 NOTE
r-release-windows-x86_64 0.3.1 28.00 108.00 136.00 NOTE
r-oldrel-macos-arm64 0.3.1 28.00 NOTE
r-oldrel-macos-x86_64 0.3.1 37.00 NOTE
r-oldrel-windows-ix86+x86_64 0.3.1 6.00 82.00 88.00 NOTE

Check Details

Version: 0.3.1
Check: LazyData
Result: NOTE
     'LazyData' is specified without a 'data' directory
Flavors: r-devel-linux-x86_64-debian-clang, r-devel-linux-x86_64-debian-gcc, r-devel-linux-x86_64-fedora-clang, r-devel-linux-x86_64-fedora-gcc, r-patched-linux-x86_64, r-release-linux-x86_64, r-release-macos-arm64, r-release-macos-x86_64, r-release-windows-x86_64, r-oldrel-macos-arm64, r-oldrel-macos-x86_64, r-oldrel-windows-ix86+x86_64