Last updated on 2023-03-20 04:53:17 CET.
Flavor | Version | Tinstall | Tcheck | Ttotal | Status | Flags |
---|---|---|---|---|---|---|
r-devel-linux-x86_64-debian-clang | 2.0.1 | OK | ||||
r-devel-linux-x86_64-debian-gcc | 2.0.1 | 13.76 | 162.22 | 175.98 | OK | |
r-devel-linux-x86_64-fedora-clang | 2.0.1 | 296.82 | NOTE | |||
r-devel-linux-x86_64-fedora-gcc | 2.0.1 | 302.21 | OK | |||
r-patched-linux-x86_64 | 2.0.1 | 23.76 | 204.53 | 228.29 | OK | |
r-release-linux-x86_64 | 2.0.1 | 12.65 | 208.30 | 220.95 | OK | |
r-release-macos-arm64 | 2.0.1 | 80.00 | OK | |||
r-release-macos-x86_64 | 2.0.1 | 98.00 | OK | |||
r-release-windows-x86_64 | 2.0.1 | 47.00 | 244.00 | 291.00 | OK | |
r-oldrel-macos-arm64 | 2.0.1 | 80.00 | OK | |||
r-oldrel-macos-x86_64 | 2.0.1 | 101.00 | OK | |||
r-oldrel-windows-ix86+x86_64 | 2.0.1 | 39.00 | 257.00 | 296.00 | OK |
Version: 2.0.1
Check: Rd cross-references
Result: NOTE
Undeclared packages ‘cmna’, ‘lmboot’, ‘sandwich’ in Rd xrefs
Flavor: r-devel-linux-x86_64-fedora-clang