Last updated on 2023-01-28 04:57:08 CET.
Flavor | Version | Tinstall | Tcheck | Ttotal | Status | Flags |
---|---|---|---|---|---|---|
r-devel-linux-x86_64-debian-clang | 1.2.0 | 178.50 | 170.09 | 348.59 | OK | |
r-devel-linux-x86_64-debian-gcc | 1.2.0 | 124.77 | 123.93 | 248.70 | NOTE | |
r-devel-linux-x86_64-fedora-clang | 1.2.0 | 474.02 | NOTE | |||
r-devel-linux-x86_64-fedora-gcc | 1.2.0 | 451.82 | NOTE | |||
r-patched-linux-x86_64 | 1.2.0 | 138.98 | 153.92 | 292.90 | OK | |
r-release-linux-x86_64 | 1.2.0 | 107.64 | 155.83 | 263.47 | OK | |
r-release-macos-arm64 | 1.2.0 | 117.00 | NOTE | |||
r-release-macos-x86_64 | 1.2.0 | 127.00 | NOTE | |||
r-release-windows-x86_64 | 1.2.0 | 412.00 | 208.00 | 620.00 | OK | |
r-oldrel-macos-arm64 | 1.2.0 | 96.00 | NOTE | |||
r-oldrel-macos-x86_64 | 1.2.0 | 129.00 | NOTE | |||
r-oldrel-windows-ix86+x86_64 | 1.2.0 | 401.00 | 234.00 | 635.00 | NOTE |
Version: 1.2.0
Check: C++ specification
Result: NOTE
Specified C++11: please update to current default of C++17
Flavors: r-devel-linux-x86_64-debian-gcc, r-devel-linux-x86_64-fedora-clang, r-devel-linux-x86_64-fedora-gcc
Version: 1.2.0
Check: installed package size
Result: NOTE
installed size is 8.1Mb
sub-directories of 1Mb or more:
extdata 1.5Mb
libs 4.9Mb
Flavors: r-release-macos-arm64, r-release-macos-x86_64, r-oldrel-macos-arm64, r-oldrel-macos-x86_64, r-oldrel-windows-ix86+x86_64