Last updated on 2023-03-22 04:52:58 CET.
Flavor | Version | Tinstall | Tcheck | Ttotal | Status | Flags |
---|---|---|---|---|---|---|
r-devel-linux-x86_64-debian-clang | 3.12-66 | 389.31 | 396.05 | 785.36 | OK | |
r-devel-linux-x86_64-debian-gcc | 3.12-66 | 287.10 | 292.81 | 579.91 | OK | |
r-devel-linux-x86_64-fedora-clang | 3.12-66 | 1091.29 | NOTE | |||
r-devel-linux-x86_64-fedora-gcc | 3.12-66 | 989.21 | OK | |||
r-patched-linux-x86_64 | 3.12-66 | 304.74 | 353.15 | 657.89 | OK | |
r-release-linux-x86_64 | 3.12-66 | 297.84 | 357.47 | 655.31 | OK | |
r-release-macos-arm64 | 3.12-66 | 231.00 | NOTE | |||
r-release-macos-x86_64 | 3.12-66 | 274.00 | NOTE | |||
r-release-windows-x86_64 | 3.12-66 | 717.00 | 456.00 | 1173.00 | NOTE | |
r-oldrel-macos-arm64 | 3.12-66 | 209.00 | NOTE | |||
r-oldrel-macos-x86_64 | 3.12-66 | 264.00 | NOTE | |||
r-oldrel-windows-ix86+x86_64 | 3.12-66 | 808.00 | 520.00 | 1328.00 | NOTE |
Version: 3.12-66
Check: installed package size
Result: NOTE
installed size is 5.1Mb
sub-directories of 1Mb or more:
R 2.1Mb
Flavors: r-devel-linux-x86_64-fedora-clang, r-release-macos-arm64, r-release-macos-x86_64, r-release-windows-x86_64, r-oldrel-macos-arm64, r-oldrel-macos-x86_64, r-oldrel-windows-ix86+x86_64