Last updated on 2023-03-28 04:53:11 CEST.
Flavor | Version | Tinstall | Tcheck | Ttotal | Status | Flags |
---|---|---|---|---|---|---|
r-devel-linux-x86_64-debian-clang | 1.5.2 | 9.72 | 57.04 | 66.76 | OK | |
r-devel-linux-x86_64-debian-gcc | 1.5.3 | 7.24 | 44.69 | 51.93 | OK | |
r-devel-linux-x86_64-fedora-clang | 1.5.3 | 82.13 | OK | |||
r-devel-linux-x86_64-fedora-gcc | 1.5.3 | 83.83 | OK | |||
r-devel-windows-x86_64 | 1.5.3 | 32.00 | 106.00 | 138.00 | OK | |
r-patched-linux-x86_64 | 1.5.3 | 9.53 | 55.53 | 65.06 | OK | |
r-release-linux-x86_64 | 1.5.3 | 8.37 | 54.56 | 62.93 | OK | |
r-release-macos-arm64 | 1.5.3 | 22.00 | OK | |||
r-release-macos-x86_64 | 1.5.3 | 42.00 | OK | |||
r-release-windows-x86_64 | 1.5.3 | 89.00 | 90.00 | 179.00 | OK | |
r-oldrel-macos-arm64 | 1.5.3 | 23.00 | OK | |||
r-oldrel-macos-x86_64 | 1.5.3 | 42.00 | OK | |||
r-oldrel-windows-ix86+x86_64 | 1.5.3 | 19.00 | 93.00 | 112.00 | NOTE |
Version: 1.5.3
Check: R code for possible problems
Result: NOTE
Initiating curl with CURL_SSL_BACKEND: openssl
Flavor: r-oldrel-windows-ix86+x86_64