Last updated on 2023-03-23 04:53:34 CET.
Flavor | Version | Tinstall | Tcheck | Ttotal | Status | Flags |
---|---|---|---|---|---|---|
r-devel-linux-x86_64-debian-clang | 1.1.0 | 6.11 | 33.82 | 39.93 | NOTE | |
r-devel-linux-x86_64-debian-gcc | 1.1.0 | 5.15 | 26.82 | 31.97 | NOTE | |
r-devel-linux-x86_64-fedora-clang | 1.1.0 | 50.09 | NOTE | |||
r-devel-linux-x86_64-fedora-gcc | 1.1.0 | 46.05 | NOTE | |||
r-patched-linux-x86_64 | 1.1.0 | 5.88 | 34.92 | 40.80 | NOTE | |
r-release-linux-x86_64 | 1.1.0 | 6.31 | 34.99 | 41.30 | NOTE | |
r-release-macos-arm64 | 1.1.0 | 20.00 | NOTE | |||
r-release-macos-x86_64 | 1.1.0 | 39.00 | NOTE | |||
r-release-windows-x86_64 | 1.1.0 | 412.00 | 231.00 | 643.00 | NOTE | |
r-oldrel-macos-arm64 | 1.1.0 | 26.00 | NOTE | |||
r-oldrel-macos-x86_64 | 1.1.0 | 34.00 | NOTE | |||
r-oldrel-windows-ix86+x86_64 | 1.1.0 | 15.00 | 63.00 | 78.00 | NOTE |
Version: 1.1.0
Check: LazyData
Result: NOTE
'LazyData' is specified without a 'data' directory
Flavors: r-devel-linux-x86_64-debian-clang, r-devel-linux-x86_64-debian-gcc, r-devel-linux-x86_64-fedora-clang, r-devel-linux-x86_64-fedora-gcc, r-patched-linux-x86_64, r-release-linux-x86_64, r-release-macos-arm64, r-release-macos-x86_64, r-release-windows-x86_64, r-oldrel-macos-arm64, r-oldrel-macos-x86_64, r-oldrel-windows-ix86+x86_64
Version: 1.1.0
Check: installed package size
Result: NOTE
installed size is 21.6Mb
sub-directories of 1Mb or more:
shinyApp 21.4Mb
Flavors: r-devel-linux-x86_64-fedora-clang, r-release-macos-arm64, r-release-macos-x86_64, r-release-windows-x86_64, r-oldrel-macos-arm64, r-oldrel-macos-x86_64, r-oldrel-windows-ix86+x86_64