Last updated on 2023-03-22 04:52:57 CET.
Flavor | Version | Tinstall | Tcheck | Ttotal | Status | Flags |
---|---|---|---|---|---|---|
r-devel-linux-x86_64-debian-clang | 0.4.2 | 5.61 | 43.64 | 49.25 | OK | |
r-devel-linux-x86_64-debian-gcc | 0.4.2 | 4.80 | 34.64 | 39.44 | OK | |
r-devel-linux-x86_64-fedora-clang | 0.4.2 | 65.78 | NOTE | |||
r-devel-linux-x86_64-fedora-gcc | 0.4.2 | 71.66 | OK | |||
r-patched-linux-x86_64 | 0.4.2 | 6.71 | 44.87 | 51.58 | OK | |
r-release-linux-x86_64 | 0.4.2 | 6.34 | 45.29 | 51.63 | OK | |
r-release-macos-arm64 | 0.4.2 | 28.00 | NOTE | |||
r-release-macos-x86_64 | 0.4.2 | 40.00 | NOTE | |||
r-release-windows-x86_64 | 0.4.2 | 180.00 | 99.00 | 279.00 | NOTE | |
r-oldrel-macos-arm64 | 0.4.2 | 29.00 | NOTE | |||
r-oldrel-macos-x86_64 | 0.4.2 | 42.00 | NOTE | |||
r-oldrel-windows-ix86+x86_64 | 0.4.2 | 21.00 | 81.00 | 102.00 | NOTE |
Version: 0.4.2
Check: installed package size
Result: NOTE
installed size is 8.1Mb
sub-directories of 1Mb or more:
www 7.7Mb
Flavors: r-devel-linux-x86_64-fedora-clang, r-release-macos-arm64, r-release-macos-x86_64, r-release-windows-x86_64, r-oldrel-macos-arm64, r-oldrel-macos-x86_64, r-oldrel-windows-ix86+x86_64