Last updated on 2023-02-03 04:50:42 CET.
Flavor | Version | Tinstall | Tcheck | Ttotal | Status | Flags |
---|---|---|---|---|---|---|
r-devel-linux-x86_64-debian-clang | 0.4.3 | 8.36 | 70.68 | 79.04 | OK | |
r-devel-linux-x86_64-debian-gcc | 0.4.3 | 7.28 | 53.34 | 60.62 | OK | |
r-devel-linux-x86_64-fedora-clang | 0.4.3 | 101.52 | NOTE | |||
r-devel-linux-x86_64-fedora-gcc | 0.4.3 | 106.61 | OK | |||
r-devel-windows-x86_64 | 0.4.3 | 272.00 | 147.00 | 419.00 | NOTE | |
r-patched-linux-x86_64 | 0.4.3 | 9.54 | 63.93 | 73.47 | OK | |
r-release-linux-x86_64 | 0.4.3 | 7.59 | 62.90 | 70.49 | OK | |
r-release-macos-arm64 | 0.4.3 | 29.00 | NOTE | |||
r-release-macos-x86_64 | 0.4.3 | 54.00 | NOTE | |||
r-release-windows-x86_64 | 0.4.3 | 325.00 | 126.00 | 451.00 | NOTE | |
r-oldrel-macos-arm64 | 0.4.3 | 31.00 | NOTE | |||
r-oldrel-macos-x86_64 | 0.4.3 | 48.00 | NOTE | |||
r-oldrel-windows-ix86+x86_64 | 0.4.3 | 17.00 | 107.00 | 124.00 | NOTE |
Version: 0.4.3
Check: installed package size
Result: NOTE
installed size is 11.3Mb
sub-directories of 1Mb or more:
help 2.5Mb
www 8.1Mb
Flavors: r-devel-linux-x86_64-fedora-clang, r-devel-windows-x86_64, r-release-macos-arm64, r-release-macos-x86_64, r-release-windows-x86_64, r-oldrel-macos-arm64, r-oldrel-macos-x86_64, r-oldrel-windows-ix86+x86_64