Last updated on 2023-03-25 04:54:52 CET.
Flavor | Version | Tinstall | Tcheck | Ttotal | Status | Flags |
---|---|---|---|---|---|---|
r-devel-linux-x86_64-debian-clang | 1.4.2 | 9.80 | 457.03 | 466.83 | OK | |
r-devel-linux-x86_64-debian-gcc | 1.4.2 | 8.71 | 339.10 | 347.81 | OK | |
r-devel-linux-x86_64-fedora-clang | 1.4.2 | 586.01 | OK | |||
r-devel-linux-x86_64-fedora-gcc | 1.4.2 | 564.74 | OK | |||
r-patched-linux-x86_64 | 1.4.2 | 6.89 | 435.88 | 442.77 | OK | |
r-release-linux-x86_64 | 1.4.2 | 7.38 | 432.56 | 439.94 | OK | |
r-release-macos-arm64 | 1.4.2 | 158.00 | OK | |||
r-release-macos-x86_64 | 1.4.2 | 218.00 | OK | |||
r-release-windows-x86_64 | 1.4.2 | 54.00 | 502.00 | 556.00 | OK | |
r-oldrel-macos-arm64 | 1.4.2 | 183.00 | WARN | |||
r-oldrel-macos-x86_64 | 1.4.2 | 234.00 | WARN | |||
r-oldrel-windows-ix86+x86_64 | 1.4.2 | 21.00 | 523.00 | 544.00 | OK |
Version: 1.4.2
Check: for executable files
Result: WARN
Found the following executable files:
inst/extdata/access.dbf
inst/extdata/existing.dbf
inst/extdata/existingna.dbf
Source packages should not contain undeclared executable files.
See section ‘Package structure’ in the ‘Writing R Extensions’ manual.
Flavors: r-oldrel-macos-arm64, r-oldrel-macos-x86_64