Last updated on 2023-03-27 04:53:24 CEST.
Flavor | Version | Tinstall | Tcheck | Ttotal | Status | Flags |
---|---|---|---|---|---|---|
r-devel-linux-x86_64-debian-clang | 0.9.1 | 10.99 | 76.42 | 87.41 | OK | |
r-devel-linux-x86_64-debian-gcc | 0.9.1 | 8.36 | 56.10 | 64.46 | OK | |
r-devel-linux-x86_64-fedora-clang | 0.9.1 | 111.15 | OK | |||
r-devel-linux-x86_64-fedora-gcc | 0.9.1 | 106.50 | OK | |||
r-patched-linux-x86_64 | 0.9.1 | 6.48 | 70.10 | 76.58 | OK | |
r-release-linux-x86_64 | 0.9.1 | 6.27 | 71.47 | 77.74 | OK | |
r-release-macos-arm64 | 0.9.1 | 39.00 | OK | |||
r-release-macos-x86_64 | 0.9.1 | 61.00 | OK | |||
r-release-windows-x86_64 | 0.9.1 | 63.00 | 134.00 | 197.00 | OK | |
r-oldrel-macos-arm64 | 0.9.1 | 163.00 | OK | |||
r-oldrel-macos-x86_64 | 0.9.1 | 50.00 | OK | |||
r-oldrel-windows-ix86+x86_64 | 0.9.1 | 25.00 | 120.00 | 145.00 | NOTE |
Version: 0.9.1
Check: dependencies in R code
Result: NOTE
Initiating curl with CURL_SSL_BACKEND: openssl
Flavor: r-oldrel-windows-ix86+x86_64