Last updated on 2023-03-27 04:53:24 CEST.
Flavor | Version | Tinstall | Tcheck | Ttotal | Status | Flags |
---|---|---|---|---|---|---|
r-devel-linux-x86_64-debian-clang | 1.3.4 | 9.81 | 63.05 | 72.86 | NOTE | |
r-devel-linux-x86_64-debian-gcc | 1.3.4 | 6.88 | 48.83 | 55.71 | NOTE | |
r-devel-linux-x86_64-fedora-clang | 1.3.4 | 93.72 | NOTE | |||
r-devel-linux-x86_64-fedora-gcc | 1.3.4 | 90.74 | NOTE | |||
r-patched-linux-x86_64 | 1.3.4 | 8.50 | 60.34 | 68.84 | NOTE | |
r-release-linux-x86_64 | 1.3.4 | 9.23 | 63.33 | 72.56 | NOTE | |
r-release-macos-arm64 | 1.3.4 | 27.00 | NOTE | |||
r-release-macos-x86_64 | 1.3.4 | 46.00 | NOTE | |||
r-release-windows-x86_64 | 1.3.4 | 40.00 | 96.00 | 136.00 | NOTE | |
r-oldrel-macos-arm64 | 1.3.4 | 29.00 | NOTE | |||
r-oldrel-macos-x86_64 | 1.3.4 | 51.00 | NOTE | |||
r-oldrel-windows-ix86+x86_64 | 1.3.4 | 22.00 | 145.00 | 167.00 | NOTE |
Version: 1.3.4
Check: LazyData
Result: NOTE
'LazyData' is specified without a 'data' directory
Flavors: r-devel-linux-x86_64-debian-clang, r-devel-linux-x86_64-debian-gcc, r-devel-linux-x86_64-fedora-clang, r-devel-linux-x86_64-fedora-gcc, r-patched-linux-x86_64, r-release-linux-x86_64, r-release-macos-arm64, r-release-macos-x86_64, r-release-windows-x86_64, r-oldrel-macos-arm64, r-oldrel-macos-x86_64, r-oldrel-windows-ix86+x86_64
Version: 1.3.4
Check: dependencies in R code
Result: NOTE
Namespaces in Imports field not imported from:
‘cluster’ ‘factoextra’ ‘tidyr’
All declared Imports should be used.
Flavors: r-devel-linux-x86_64-fedora-clang, r-devel-linux-x86_64-fedora-gcc, r-release-macos-arm64, r-release-macos-x86_64, r-oldrel-macos-arm64, r-oldrel-macos-x86_64