Last updated on 2023-03-28 04:53:10 CEST.
Flavor | Version | Tinstall | Tcheck | Ttotal | Status | Flags |
---|---|---|---|---|---|---|
r-devel-linux-x86_64-debian-clang | 0.2.0 | 2.73 | 29.07 | 31.80 | OK | |
r-devel-linux-x86_64-debian-gcc | 0.2.0 | 2.25 | 23.05 | 25.30 | OK | |
r-devel-linux-x86_64-fedora-clang | 0.2.0 | 41.47 | NOTE | |||
r-devel-linux-x86_64-fedora-gcc | 0.2.0 | 49.71 | NOTE | |||
r-patched-linux-x86_64 | 0.2.0 | 2.63 | 27.94 | 30.57 | OK | |
r-release-linux-x86_64 | 0.2.0 | 2.98 | 29.48 | 32.46 | OK | |
r-release-macos-arm64 | 0.2.0 | 20.00 | OK | |||
r-release-macos-x86_64 | 0.2.0 | 28.00 | OK | |||
r-release-windows-x86_64 | 0.2.0 | 17.00 | 60.00 | 77.00 | OK | |
r-oldrel-macos-arm64 | 0.2.0 | 20.00 | OK | |||
r-oldrel-macos-x86_64 | 0.2.0 | 30.00 | OK | |||
r-oldrel-windows-ix86+x86_64 | 0.2.0 | 7.00 | 56.00 | 63.00 | OK |
Version: 0.2.0
Check: dependencies in R code
Result: NOTE
Namespace in Imports field not imported from: ‘fansi’
All declared Imports should be used.
Flavors: r-devel-linux-x86_64-fedora-clang, r-devel-linux-x86_64-fedora-gcc