Last updated on 2023-03-28 04:53:10 CEST.
Flavor | Version | Tinstall | Tcheck | Ttotal | Status | Flags |
---|---|---|---|---|---|---|
r-devel-linux-x86_64-debian-clang | 0.7.4 | 13.96 | 223.08 | 237.04 | OK | |
r-devel-linux-x86_64-debian-gcc | 0.7.5 | 9.75 | 140.29 | 150.04 | OK | |
r-devel-linux-x86_64-fedora-clang | 0.7.5 | 264.60 | OK | |||
r-devel-linux-x86_64-fedora-gcc | 0.7.5 | 248.01 | OK | |||
r-patched-linux-x86_64 | 0.7.5 | 14.45 | 183.63 | 198.08 | OK | |
r-release-linux-x86_64 | 0.7.5 | 11.77 | 182.22 | 193.99 | OK | |
r-release-macos-arm64 | 0.7.5 | 5.00 | ERROR | |||
r-release-macos-x86_64 | 0.7.5 | 83.00 | OK | |||
r-release-windows-x86_64 | 0.7.5 | 58.00 | 209.00 | 267.00 | OK | |
r-oldrel-macos-arm64 | 0.7.5 | 9.00 | ERROR | |||
r-oldrel-macos-x86_64 | 0.7.5 | 85.00 | OK | |||
r-oldrel-windows-ix86+x86_64 | 0.7.5 | 25.00 | 223.00 | 248.00 | NOTE |
Version: 0.7.5
Check: package dependencies
Result: ERROR
Package required and available but unsuitable version: ‘datawizard’
See section ‘The DESCRIPTION file’ in the ‘Writing R Extensions’
manual.
Flavors: r-release-macos-arm64, r-oldrel-macos-arm64
Version: 0.7.5
Check: dependencies in R code
Result: NOTE
Initiating curl with CURL_SSL_BACKEND: openssl
Flavor: r-oldrel-windows-ix86+x86_64