Last updated on 2023-04-01 04:56:29 CEST.
Flavor | Version | Tinstall | Tcheck | Ttotal | Status | Flags |
---|---|---|---|---|---|---|
r-devel-linux-x86_64-debian-clang | 0.2 | 50.10 | 115.36 | 165.46 | NOTE | |
r-devel-linux-x86_64-debian-gcc | 0.2 | 41.66 | 87.54 | 129.20 | NOTE | |
r-devel-linux-x86_64-fedora-clang | 0.2 | 219.55 | NOTE | |||
r-devel-linux-x86_64-fedora-gcc | 0.2 | 207.00 | NOTE | |||
r-patched-linux-x86_64 | 0.2 | 46.91 | 112.62 | 159.53 | NOTE | |
r-release-linux-x86_64 | 0.2 | 48.29 | 107.55 | 155.84 | OK | |
r-release-macos-arm64 | 0.2 | 52.00 | OK | |||
r-release-macos-x86_64 | 0.2 | 71.00 | OK | |||
r-release-windows-x86_64 | 0.2 | 58.00 | 155.00 | 213.00 | OK | |
r-oldrel-macos-arm64 | 0.2 | 62.00 | OK | |||
r-oldrel-macos-x86_64 | 0.2 | 105.00 | OK | |||
r-oldrel-windows-ix86+x86_64 | 0.2 | 117.00 | 163.00 | 280.00 | OK |
Version: 0.2
Check: C++ specification
Result: NOTE
Specified C++11: please drop specification unless essential
Flavors: r-devel-linux-x86_64-debian-clang, r-devel-linux-x86_64-debian-gcc, r-devel-linux-x86_64-fedora-clang, r-devel-linux-x86_64-fedora-gcc, r-patched-linux-x86_64