CRAN Package Check Results for Package sdmApp

Last updated on 2023-02-03 04:50:41 CET.

Flavor Version Tinstall Tcheck Ttotal Status Flags
r-devel-linux-x86_64-debian-clang 0.0.2 2.74 55.89 58.63 OK
r-devel-linux-x86_64-debian-gcc 0.0.2 2.37 41.63 44.00 OK
r-devel-linux-x86_64-fedora-clang 0.0.2 77.62 NOTE
r-devel-linux-x86_64-fedora-gcc 0.0.2 87.07 NOTE
r-devel-windows-x86_64 0.0.2 39.00 96.00 135.00 OK
r-patched-linux-x86_64 0.0.2 7.92 52.86 60.78 OK
r-release-linux-x86_64 0.0.2 2.55 53.66 56.21 OK
r-release-macos-arm64 0.0.2 23.00 NOTE
r-release-macos-x86_64 0.0.2 48.00 NOTE
r-release-windows-x86_64 0.0.2 7.00 93.00 100.00 OK
r-oldrel-macos-arm64 0.0.2 28.00 NOTE
r-oldrel-macos-x86_64 0.0.2 27.00 NOTE
r-oldrel-windows-ix86+x86_64 0.0.2 8.00 80.00 88.00 OK

Check Details

Version: 0.0.2
Check: dependencies in R code
Result: NOTE
    Namespace in Imports field not imported from: ‘sp’
     All declared Imports should be used.
Flavors: r-devel-linux-x86_64-fedora-clang, r-devel-linux-x86_64-fedora-gcc, r-release-macos-arm64, r-release-macos-x86_64, r-oldrel-macos-arm64, r-oldrel-macos-x86_64