Last updated on 2023-04-01 04:56:29 CEST.
Flavor | Version | Tinstall | Tcheck | Ttotal | Status | Flags |
---|---|---|---|---|---|---|
r-devel-linux-x86_64-debian-clang | 0.0.1 | 2.18 | 19.88 | 22.06 | NOTE | |
r-devel-linux-x86_64-debian-gcc | 0.0.1 | 1.67 | 16.13 | 17.80 | NOTE | |
r-devel-linux-x86_64-fedora-clang | 0.0.1 | 28.30 | NOTE | |||
r-devel-linux-x86_64-fedora-gcc | 0.0.1 | 26.71 | NOTE | |||
r-patched-linux-x86_64 | 0.0.1 | 1.79 | 19.65 | 21.44 | NOTE | |
r-release-linux-x86_64 | 0.0.1 | 2.02 | 22.45 | 24.47 | NOTE | |
r-release-macos-arm64 | 0.0.1 | 14.00 | NOTE | |||
r-release-macos-x86_64 | 0.0.1 | 21.00 | NOTE | |||
r-release-windows-x86_64 | 0.0.1 | 4.00 | 59.00 | 63.00 | NOTE | |
r-oldrel-macos-arm64 | 0.0.1 | 17.00 | NOTE | |||
r-oldrel-macos-x86_64 | 0.0.1 | 23.00 | NOTE | |||
r-oldrel-windows-ix86+x86_64 | 0.0.1 | 6.00 | 50.00 | 56.00 | NOTE |
Version: 0.0.1
Check: LazyData
Result: NOTE
'LazyData' is specified without a 'data' directory
Flavors: r-devel-linux-x86_64-debian-clang, r-devel-linux-x86_64-debian-gcc, r-devel-linux-x86_64-fedora-clang, r-devel-linux-x86_64-fedora-gcc, r-patched-linux-x86_64, r-release-linux-x86_64, r-release-macos-arm64, r-release-macos-x86_64, r-release-windows-x86_64, r-oldrel-macos-arm64, r-oldrel-macos-x86_64, r-oldrel-windows-ix86+x86_64