Last updated on 2023-03-25 04:54:51 CET.
Flavor | Version | Tinstall | Tcheck | Ttotal | Status | Flags |
---|---|---|---|---|---|---|
r-devel-linux-x86_64-debian-clang | 1.1.5 | 9.19 | 83.56 | 92.75 | NOTE | |
r-devel-linux-x86_64-debian-gcc | 1.1.5 | 9.56 | 64.50 | 74.06 | NOTE | |
r-devel-linux-x86_64-fedora-clang | 1.1.5 | 118.08 | NOTE | |||
r-devel-linux-x86_64-fedora-gcc | 1.1.5 | 112.57 | NOTE | |||
r-patched-linux-x86_64 | 1.1.5 | 8.73 | 79.84 | 88.57 | NOTE | |
r-release-linux-x86_64 | 1.1.5 | 9.05 | 82.52 | 91.57 | NOTE | |
r-release-macos-arm64 | 1.1.5 | 35.00 | NOTE | |||
r-release-macos-x86_64 | 1.1.5 | 47.00 | NOTE | |||
r-release-windows-x86_64 | 1.1.5 | 19.00 | 112.00 | 131.00 | NOTE | |
r-oldrel-macos-arm64 | 1.1.5 | 37.00 | NOTE | |||
r-oldrel-macos-x86_64 | 1.1.5 | 45.00 | NOTE | |||
r-oldrel-windows-ix86+x86_64 | 1.1.5 | 22.00 | 103.00 | 125.00 | NOTE |
Version: 1.1.5
Check: package dependencies
Result: NOTE
Packages which this enhances but not available for checking:
'gurobi', 'pogs'
Flavors: r-devel-linux-x86_64-debian-clang, r-devel-linux-x86_64-debian-gcc, r-patched-linux-x86_64, r-release-linux-x86_64
Version: 1.1.5
Check: package dependencies
Result: NOTE
Packages which this enhances but not available for checking:
'gurobi', 'Rcplex', 'pogs'
Flavors: r-devel-linux-x86_64-fedora-clang, r-devel-linux-x86_64-fedora-gcc, r-release-macos-arm64, r-release-macos-x86_64, r-release-windows-x86_64, r-oldrel-macos-arm64, r-oldrel-macos-x86_64, r-oldrel-windows-ix86+x86_64