CRAN Package Check Results for Package sbtools

Last updated on 2023-03-25 04:54:51 CET.

Flavor Version Tinstall Tcheck Ttotal Status Flags
r-devel-linux-x86_64-debian-clang 1.1.21 3.09 40.23 43.32 OK
r-devel-linux-x86_64-debian-gcc 1.1.21 3.32 31.21 34.53 OK
r-devel-linux-x86_64-fedora-clang 1.1.21 57.33 OK
r-devel-linux-x86_64-fedora-gcc 1.1.21 51.98 OK
r-patched-linux-x86_64 1.1.21 5.56 37.91 43.47 OK
r-release-linux-x86_64 1.1.21 3.96 37.27 41.23 OK
r-release-macos-arm64 1.1.21 25.00 OK
r-release-macos-x86_64 1.1.21 30.00 OK
r-release-windows-x86_64 1.1.21 46.00 69.00 115.00 OK
r-oldrel-macos-arm64 1.1.21 29.00 OK
r-oldrel-macos-x86_64 1.1.21 35.00 OK
r-oldrel-windows-ix86+x86_64 1.1.21 10.00 70.00 80.00 NOTE

Check Details

Version: 1.1.21
Check: R code for possible problems
Result: NOTE
    Initiating curl with CURL_SSL_BACKEND: openssl
Flavor: r-oldrel-windows-ix86+x86_64