Last updated on 2023-03-25 04:54:51 CET.
Flavor | Version | Tinstall | Tcheck | Ttotal | Status | Flags |
---|---|---|---|---|---|---|
r-devel-linux-x86_64-debian-clang | 0.6.14 | 198.86 | 350.90 | 549.76 | NOTE | |
r-devel-linux-x86_64-debian-gcc | 0.6.14 | 164.53 | 331.22 | 495.75 | NOTE | |
r-devel-linux-x86_64-fedora-clang | 0.6.14 | 819.76 | NOTE | |||
r-devel-linux-x86_64-fedora-gcc | 0.6.14 | 684.32 | NOTE | |||
r-patched-linux-x86_64 | 0.6.14 | 172.85 | 363.52 | 536.37 | OK | |
r-release-linux-x86_64 | 0.6.14 | 173.43 | 356.88 | 530.31 | OK | |
r-release-macos-arm64 | 0.6.14 | 110.00 | NOTE | |||
r-release-macos-x86_64 | 0.6.14 | 147.00 | NOTE | |||
r-release-windows-x86_64 | 0.6.14 | 96.00 | 470.00 | 566.00 | NOTE | |
r-oldrel-macos-arm64 | 0.6.14 | 105.00 | NOTE | |||
r-oldrel-macos-x86_64 | 0.6.14 | 146.00 | NOTE | |||
r-oldrel-windows-ix86+x86_64 | 0.6.14 | 26.00 | 133.00 | 159.00 | NOTE |
Version: 0.6.14
Check: C++ specification
Result: NOTE
Specified C++11: please drop specification unless essential
Flavors: r-devel-linux-x86_64-debian-clang, r-devel-linux-x86_64-debian-gcc, r-devel-linux-x86_64-fedora-clang, r-devel-linux-x86_64-fedora-gcc
Version: 0.6.14
Check: installed package size
Result: NOTE
installed size is 5.3Mb
sub-directories of 1Mb or more:
bin 4.4Mb
Flavors: r-release-macos-arm64, r-release-macos-x86_64, r-release-windows-x86_64, r-oldrel-macos-arm64, r-oldrel-macos-x86_64, r-oldrel-windows-ix86+x86_64