Last updated on 2023-03-23 04:53:33 CET.
Flavor | Version | Tinstall | Tcheck | Ttotal | Status | Flags |
---|---|---|---|---|---|---|
r-devel-linux-x86_64-debian-clang | 0.2.1 | 9.77 | 60.26 | 70.03 | OK | |
r-devel-linux-x86_64-debian-gcc | 0.2.1 | 7.47 | 45.69 | 53.16 | OK | |
r-devel-linux-x86_64-fedora-clang | 0.2.1 | 86.53 | NOTE | |||
r-devel-linux-x86_64-fedora-gcc | 0.2.1 | 93.37 | NOTE | |||
r-patched-linux-x86_64 | 0.2.1 | 7.35 | 57.47 | 64.82 | OK | |
r-release-linux-x86_64 | 0.2.1 | 6.98 | 57.09 | 64.07 | OK | |
r-release-macos-arm64 | 0.2.1 | 25.00 | NOTE | |||
r-release-macos-x86_64 | 0.2.1 | 35.00 | NOTE | |||
r-release-windows-x86_64 | 0.2.1 | 17.00 | 124.00 | 141.00 | OK | |
r-oldrel-macos-arm64 | 0.2.1 | 29.00 | NOTE | |||
r-oldrel-macos-x86_64 | 0.2.1 | 37.00 | NOTE | |||
r-oldrel-windows-ix86+x86_64 | 0.2.1 | 17.00 | 85.00 | 102.00 | OK |
Version: 0.2.1
Check: dependencies in R code
Result: NOTE
Namespaces in Imports field not imported from:
‘CARBayesdata’ ‘MASS’ ‘nimble’
All declared Imports should be used.
Flavors: r-devel-linux-x86_64-fedora-clang, r-devel-linux-x86_64-fedora-gcc, r-release-macos-arm64, r-release-macos-x86_64, r-oldrel-macos-arm64, r-oldrel-macos-x86_64