Last updated on 2023-03-22 04:52:56 CET.
Flavor | Version | Tinstall | Tcheck | Ttotal | Status | Flags |
---|---|---|---|---|---|---|
r-devel-linux-x86_64-debian-clang | 1.0.3 | 6.02 | 53.46 | 59.48 | OK | |
r-devel-linux-x86_64-debian-gcc | 1.0.3 | 4.68 | 40.76 | 45.44 | OK | |
r-devel-linux-x86_64-fedora-clang | 1.0.3 | 78.51 | NOTE | |||
r-devel-linux-x86_64-fedora-gcc | 1.0.3 | 80.77 | NOTE | |||
r-patched-linux-x86_64 | 1.0.3 | 6.20 | 53.21 | 59.41 | OK | |
r-release-linux-x86_64 | 1.0.3 | 6.05 | 52.53 | 58.58 | OK | |
r-release-macos-arm64 | 1.0.3 | 34.00 | NOTE | |||
r-release-macos-x86_64 | 1.0.3 | 41.00 | NOTE | |||
r-release-windows-x86_64 | 1.0.3 | 28.00 | 91.00 | 119.00 | OK | |
r-oldrel-macos-arm64 | 1.0.3 | 32.00 | NOTE | |||
r-oldrel-macos-x86_64 | 1.0.3 | 48.00 | NOTE | |||
r-oldrel-windows-ix86+x86_64 | 1.0.3 | 13.00 | 86.00 | 99.00 | OK |
Version: 1.0.3
Check: dependencies in R code
Result: NOTE
Namespaces in Imports field not imported from:
‘cli’ ‘withr’
All declared Imports should be used.
Flavors: r-devel-linux-x86_64-fedora-clang, r-devel-linux-x86_64-fedora-gcc, r-release-macos-arm64, r-release-macos-x86_64, r-oldrel-macos-arm64, r-oldrel-macos-x86_64