Last updated on 2023-03-31 04:52:00 CEST.
Flavor | Version | Tinstall | Tcheck | Ttotal | Status | Flags |
---|---|---|---|---|---|---|
r-devel-linux-x86_64-debian-clang | 2.4.1 | 2.52 | 31.24 | 33.76 | OK | |
r-devel-linux-x86_64-debian-gcc | 2.4.1 | 2.14 | 25.02 | 27.16 | OK | |
r-devel-linux-x86_64-fedora-clang | 2.4.1 | 43.64 | OK | |||
r-devel-linux-x86_64-fedora-gcc | 2.4.1 | 54.92 | OK | |||
r-patched-linux-x86_64 | 2.4.1 | 2.63 | 32.11 | 34.74 | OK | |
r-release-linux-x86_64 | 2.4.1 | 2.44 | 33.07 | 35.51 | OK | |
r-release-macos-arm64 | 2.4.1 | 25.00 | OK | |||
r-release-macos-x86_64 | 2.4.1 | 30.00 | OK | |||
r-release-windows-x86_64 | 2.4.1 | 24.00 | 77.00 | 101.00 | OK | |
r-oldrel-macos-arm64 | 2.4.1 | 33.00 | OK | |||
r-oldrel-macos-x86_64 | 2.4.1 | 34.00 | OK | |||
r-oldrel-windows-ix86+x86_64 | 2.4.1 | 7.00 | 59.00 | 66.00 | NOTE |
Version: 2.4.1
Check: dependencies in R code
Result: NOTE
Initiating curl with CURL_SSL_BACKEND: openssl
Flavor: r-oldrel-windows-ix86+x86_64