Last updated on 2023-04-01 04:56:29 CEST.
Flavor | Version | Tinstall | Tcheck | Ttotal | Status | Flags |
---|---|---|---|---|---|---|
r-devel-linux-x86_64-debian-clang | 2.21.3 | 1488.99 | 551.48 | 2040.47 | NOTE | |
r-devel-linux-x86_64-debian-gcc | 2.21.3 | 1104.66 | 461.10 | 1565.76 | NOTE | |
r-devel-linux-x86_64-fedora-clang | 2.21.3 | 2518.84 | NOTE | |||
r-devel-linux-x86_64-fedora-gcc | 2.21.3 | 2315.21 | NOTE | |||
r-devel-windows-x86_64 | 2.21.3 | 1453.00 | 0.00 | 1453.00 | NOTE | --no-examples --no-tests --no-vignettes |
r-patched-linux-x86_64 | 2.21.3 | 1244.63 | 608.49 | 1853.12 | NOTE | |
r-release-linux-x86_64 | 2.21.3 | 1164.78 | 564.02 | 1728.80 | NOTE | |
r-release-macos-arm64 | 2.21.3 | 607.00 | NOTE | |||
r-release-macos-x86_64 | 2.21.3 | 1190.00 | NOTE | |||
r-release-windows-x86_64 | 2.21.3 | 1547.00 | 218.00 | 1765.00 | NOTE | --no-examples --no-tests --no-vignettes |
r-oldrel-macos-arm64 | 2.21.3 | 608.00 | NOTE | |||
r-oldrel-macos-x86_64 | 2.21.3 | 949.00 | NOTE | |||
r-oldrel-windows-ix86+x86_64 | 2.21.3 | 2007.00 | 308.00 | 2315.00 | NOTE | --no-examples --no-tests --no-vignettes |
Version: 2.21.3
Check: C++ specification
Result: NOTE
Specified C++14: please drop specification unless essential
Flavors: r-devel-linux-x86_64-debian-clang, r-devel-linux-x86_64-debian-gcc, r-devel-linux-x86_64-fedora-clang, r-devel-linux-x86_64-fedora-gcc, r-patched-linux-x86_64
Version: 2.21.3
Check: for GNU extensions in Makefiles
Result: NOTE
GNU make is a SystemRequirements.
Flavors: r-devel-linux-x86_64-debian-clang, r-devel-linux-x86_64-debian-gcc, r-devel-linux-x86_64-fedora-clang, r-devel-linux-x86_64-fedora-gcc, r-patched-linux-x86_64, r-release-linux-x86_64, r-release-macos-arm64, r-release-macos-x86_64, r-oldrel-macos-arm64, r-oldrel-macos-x86_64
Version: 2.21.3
Check: installed package size
Result: NOTE
installed size is 22.3Mb
sub-directories of 1Mb or more:
R 1.6Mb
doc 4.8Mb
libs 15.2Mb
Flavors: r-devel-linux-x86_64-fedora-clang, r-release-macos-arm64, r-release-macos-x86_64, r-oldrel-macos-arm64, r-oldrel-macos-x86_64
Version: 2.21.3
Check: dependencies in R code
Result: NOTE
Namespace in Imports field not imported from: ‘RcppParallel’
All declared Imports should be used.
Flavors: r-devel-linux-x86_64-fedora-clang, r-devel-linux-x86_64-fedora-gcc, r-release-macos-arm64, r-release-macos-x86_64, r-oldrel-macos-arm64, r-oldrel-macos-x86_64
Version: 2.21.3
Check: Rd cross-references
Result: NOTE
Undeclared packages ‘gamm4’, ‘shiny’ in Rd xrefs
Flavor: r-devel-linux-x86_64-fedora-clang
Version: 2.21.3
Flags: --no-examples --no-tests --no-vignettes
Check: C++ specification
Result: NOTE
Specified C++14: please drop specification unless essential
Flavor: r-devel-windows-x86_64
Version: 2.21.3
Flags: --no-examples --no-tests --no-vignettes
Check: installed package size
Result: NOTE
installed size is 15.8Mb
sub-directories of 1Mb or more:
R 1.6Mb
doc 4.8Mb
libs 8.8Mb
Flavors: r-devel-windows-x86_64, r-release-windows-x86_64, r-oldrel-windows-ix86+x86_64
Version: 2.21.3
Flags: --no-examples --no-tests --no-vignettes
Check: for GNU extensions in Makefiles
Result: NOTE
GNU make is a SystemRequirements.
Flavors: r-devel-windows-x86_64, r-release-windows-x86_64, r-oldrel-windows-ix86+x86_64