Last updated on 2023-04-01 04:56:29 CEST.
Flavor | Version | Tinstall | Tcheck | Ttotal | Status | Flags |
---|---|---|---|---|---|---|
r-devel-linux-x86_64-debian-clang | 2.21.8 | 519.08 | 446.26 | 965.34 | NOTE | |
r-devel-linux-x86_64-debian-gcc | 2.21.8 | 827.84 | 383.94 | 1211.78 | NOTE | |
r-devel-linux-x86_64-fedora-clang | 2.21.8 | 1249.25 | NOTE | |||
r-devel-linux-x86_64-fedora-gcc | 2.21.8 | 2074.09 | NOTE | |||
r-patched-linux-x86_64 | 2.21.8 | 621.39 | 476.49 | 1097.88 | NOTE | |
r-release-linux-x86_64 | 2.21.8 | 618.08 | 451.49 | 1069.57 | NOTE | |
r-release-macos-arm64 | 2.21.8 | 274.00 | NOTE | |||
r-release-macos-x86_64 | 2.21.8 | 427.00 | NOTE | |||
r-release-windows-x86_64 | 2.21.8 | 1227.00 | 583.00 | 1810.00 | NOTE | |
r-oldrel-macos-arm64 | 2.21.8 | 240.00 | NOTE | |||
r-oldrel-macos-x86_64 | 2.21.8 | 448.00 | NOTE | |||
r-oldrel-windows-ix86+x86_64 | 2.21.8 | 188.00 | 20.00 | 208.00 | ERROR |
Version: 2.21.8
Check: C++ specification
Result: NOTE
Specified C++14: please drop specification unless essential
Flavors: r-devel-linux-x86_64-debian-clang, r-devel-linux-x86_64-debian-gcc, r-devel-linux-x86_64-fedora-clang, r-devel-linux-x86_64-fedora-gcc, r-patched-linux-x86_64
Version: 2.21.8
Check: for GNU extensions in Makefiles
Result: NOTE
GNU make is a SystemRequirements.
Flavors: r-devel-linux-x86_64-debian-clang, r-devel-linux-x86_64-debian-gcc, r-devel-linux-x86_64-fedora-clang, r-devel-linux-x86_64-fedora-gcc, r-patched-linux-x86_64, r-release-linux-x86_64, r-release-macos-arm64, r-release-macos-x86_64, r-release-windows-x86_64, r-oldrel-macos-arm64, r-oldrel-macos-x86_64
Version: 2.21.8
Check: installed package size
Result: NOTE
installed size is 12.4Mb
sub-directories of 1Mb or more:
lib 2.1Mb
libs 7.4Mb
Flavors: r-devel-linux-x86_64-fedora-clang, r-release-macos-arm64, r-release-macos-x86_64, r-release-windows-x86_64, r-oldrel-macos-arm64, r-oldrel-macos-x86_64
Version: 2.21.8
Check: Rd cross-references
Result: NOTE
Undeclared packages ‘coda’, ‘rstanarm’ in Rd xrefs
Flavor: r-devel-linux-x86_64-fedora-clang
Version: 2.21.8
Check: whether package can be installed
Result: ERROR
Installation failed.
Flavor: r-oldrel-windows-ix86+x86_64