Last updated on 2023-03-23 04:53:32 CET.
Flavor | Version | Tinstall | Tcheck | Ttotal | Status | Flags |
---|---|---|---|---|---|---|
r-devel-linux-x86_64-debian-clang | 2.10.3 | 5.05 | 108.04 | 113.09 | NOTE | |
r-devel-linux-x86_64-debian-gcc | 2.10.3 | 3.43 | 84.78 | 88.21 | NOTE | |
r-devel-linux-x86_64-fedora-clang | 2.10.3 | 145.30 | NOTE | |||
r-devel-linux-x86_64-fedora-gcc | 2.10.3 | 156.90 | NOTE | |||
r-patched-linux-x86_64 | 2.10.3 | 5.00 | 102.00 | 107.00 | NOTE | |
r-release-linux-x86_64 | 2.10.3 | 4.13 | 101.23 | 105.36 | NOTE | |
r-release-macos-arm64 | 2.10.3 | 43.00 | OK | |||
r-release-macos-x86_64 | 2.10.3 | 68.00 | OK | |||
r-release-windows-x86_64 | 2.10.3 | 30.00 | 297.00 | 327.00 | OK | |
r-oldrel-macos-arm64 | 2.10.3 | 53.00 | OK | |||
r-oldrel-macos-x86_64 | 2.10.3 | 69.00 | OK | |||
r-oldrel-windows-ix86+x86_64 | 2.10.3 | 27.00 | 138.00 | 165.00 | OK |
Version: 2.10.3
Check: package dependencies
Result: NOTE
Package suggested but not available for checking: ‘Vdgraph’
Flavors: r-devel-linux-x86_64-debian-clang, r-devel-linux-x86_64-debian-gcc, r-devel-linux-x86_64-fedora-clang, r-devel-linux-x86_64-fedora-gcc, r-patched-linux-x86_64, r-release-linux-x86_64
Version: 2.10.3
Check: Rd cross-references
Result: NOTE
Unknown package ‘Vdgraph’ in Rd xrefs
Flavors: r-devel-linux-x86_64-debian-clang, r-devel-linux-x86_64-debian-gcc, r-devel-linux-x86_64-fedora-clang, r-devel-linux-x86_64-fedora-gcc, r-patched-linux-x86_64, r-release-linux-x86_64